-3
Let h be 20/25*(-10)/(-4). Let a(m) = -3*m**2 - 1 + 3*m - 3*m**2 - m + 4*m**2. Determine a(h).
-5
Suppose s - 8 = 3*s. Let c be 19/6 + s/24. Suppose -3*h + 3*q - 24 = 0, 4*q - 23 = 4*h + c*q. Let x(l) = l**3 + 4*l**2 - 5*l - 1. What is x(h)?
-1
Let t(n) = -2*n + 1. Let y(c) = -c + 1. Let a(p) = -4*t(p) + 5*y(p). Determine a(-5).
-14
Let c(p) = 6*p - 5. Let i be c(4). Let f = i - 24. Let m(g) = g**2 + 6*g + 6. Determine m(f).
1
Suppose 26 = 3*p - 4*f, -p + 6*p - 2*f - 62 = 0. Let y be (12/p)/(2/(-14)). Let r(h) = h**3 + 2*h**2 + 4*h**2 - 6 + 0*h**2. Calculate r(y).
-6
Let n(j) = 3*j**2 + 3*j - 6. Let w(f) = 8*f**2 + 8*f - 17. Let p(u) = 11*n(u) - 4*w(u). Let t be p(0). Let d(b) = -3*b**2 - 3*b**2 + 0*b**2 - b**t. Give d(-1).
-7
Let r(f) = -15*f**2 + 4 - 7*f + 29*f**2 - 13*f**2. Give r(3).
-8
Let y = -5 - -3. Let x be 3/y*(-32)/(-24). Let o(i) = -5*i - 2. Give o(x).
8
Let t(j) = 14*j**2 - 1 + j - 30*j**2 + 15*j**2 - 6*j. Suppose 0 = 7*x - 2*x + 25. Calculate t(x).
-1
Let k(u) be the first derivative of 3*u**2 - u + 11. What is k(2)?
11
Let w(f) = f**2 - 6*f + 6. Suppose 0*y = 3*y - 12. Give w(y).
-2
Let q(n) = 2*n**2 + 5*n + 3. Let c(y) = y**2 + 9*y + 3. Suppose -4*r - 1 = 35. Let z be c(r). Suppose z = -0*i - i. Determine q(i).
6
Let r(y) = 10*y - 1. Suppose 5*c + 4*q + 10 = 0, 0*q - 15 = 3*q. Suppose -2*t - 1 = -l - 2*l, c*l = t + 1. What is r(l)?
9
Let n(a) = -a + 1. Let s(v) = v**2 + 5*v + 13. Let x(j) = -5*n(j) + s(j). Calculate x(-8).
-8
Let a(p) be the second derivative of -p**6/120 - p**5/20 + p**3/3 - p**2 + 2*p. Let g(j) be the first derivative of a(j). What is g(-2)?
-2
Suppose 4*c + 10 = o, -4*c + 9*c + 8 = -o. Let q(z) = -3*z**2 + 3*z - 3 + o*z - 2*z**3 + z**3. Give q(-4).
-7
Let c(i) be the first derivative of -1/2*i**2 + 0*i - 1. Let n be ((-3)/6)/((-1)/8). Give c(n).
-4
Let q(w) = -w**2 - 5*w + 10. Let p be q(-7). Let f(r) be the first derivative of -r**4/4 - 4*r**3/3 - r**2/2 - 3*r + 2. Give f(p).
1
Let c(o) = -2*o - 1. Suppose 0 = -3*b - r + 8, 2*b - 3*b - 4*r = -10. Let t = 1 - b. Let q = -5 - t. Give c(q).
7
Let w(m) = -m**2 + m. Let q be 5 - 1 - (0 + 1). Suppose 1 = q*t + 2*x, 5*x = t + 3*t - 32. Give w(t).
-6
Let m(p) = -3*p. Let d be m(-1). Let t(j) = 2 + j**3 - 5*j**2 + j**2 + 0*j**d. What is t(2)?
-6
Suppose -6*a + 1 + 11 = 0. Suppose -3*l + 4*t = t - 3, 0 = a*l - 4*t + 6. Let m(c) = c**2 - 7*c + 6. Give m(l).
-4
Let t(q) = -q**3 - q - 1. Let h(u) be the first derivative of -5*u**4/4 - 4*u**3/3 - 3*u**2/2 - 10*u + 4. Let r(s) = h(s) - 6*t(s). What is r(3)?
-4
Let o(a) = -a - 2*a - 5*a. What is o(1)?
-8
Let a(z) be the second derivative of -z**4/12 + 4*z**3/3 - 2*z**2 + z. Suppose 7 = 4*p - 17. Calculate a(p).
8
Let r(y) = -y**2 - 1. Let n(a) = -a + 2. Let m be n(5). Calculate r(m).
-10
Let l(a) = -2*a**2 - 10*a + 2. Let n be l(-6). Let b(g) = g + 2. What is b(n)?
-8
Let r(g) be the third derivative of g**2 - 1/6*g**3 + 0*g + 0 - 1/12*g**4. Give r(2).
-5
Suppose 2*m + 0*m + 3*l = 16, -l + 24 = 3*m. Suppose 2*h + 2*w + m = 2, w = -4*h. Let i(u) = 11*u - 1. What is i(h)?
10
Let z(t) be the first derivative of t**2/2 + 8*t - 46. Give z(-8).
0
Let n(g) = 2*g + 6. Let w(l) = -l + 3. Let s be w(7). Calculate n(s).
-2
Let o(j) = j**2 - 2. Let f be 6*((-3)/2 + 2). Let s be 0/(0 + f/(-3)). Suppose t + 4 - 7 = s. What is o(t)?
7
Let w(a) = a**2 + a + 1. Suppose -6*v - 1 = -5*v. Calculate w(v).
1
Let l(x) = -x**2 + 1. Let v(y) = 0*y**2 + 2 - 4*y - 1 - 6*y**2 + 0*y**2. Let a(f) = 5*l(f) - v(f). Give a(-4).
4
Let y be 27/6*8/(-6). Let u(h) = 4*h**2 - h + 11. Let s(n) = n - 1. Let z(d) = 6*s(d) + u(d). Let m(g) = g**2 - g - 1. Let v(r) = -3*m(r) + z(r). Give v(y).
-4
Let i(a) be the first derivative of 1 + 7*a - 1/2*a**2. Determine i(5).
2
Let t = 1 + -1. Let p(j) be the second derivative of j**4/12 - 3*j**2/2 - 3*j. Let l be p(t). Let a(w) = 3*w + 1. What is a(l)?
-8
Let s(u) = u**3 - 3*u**2 + 7*u - 3. Let a(k) = k**3 - 2*k**2 + 8*k - 2. Let v(x) = -3*a(x) + 4*s(x). What is v(5)?
-11
Let h(k) = -k - 4. Let j be (-70)/12 + 1/(-6). What is h(j)?
2
Let l(q) = -2*q + 3. Let p be (18/21)/((-9)/(-42)). What is l(p)?
-5
Let k(h) = 5 - 5 + h - h**2. Suppose -4*b - 2*x - 45 = -11, -13 = 3*b + 4*x. Let q = b + 12. Determine k(q).
0
Let l be -3 - 26/10 - 2/5. Let p(k) be the second derivative of k**3/6 - k**2/2 + k. Give p(l).
-7
Suppose 4*j + 0*w - 6 = 2*w, j + 4*w = -12. Let p(v) = -v**2 + 5. Determine p(j).
5
Suppose 7*h - 5 = 2*h. Let a(w) = -4*w + 10*w**2 + 4*w + 1. Determine a(h).
11
Let v(f) = -3*f**3 - 3*f + 4. Let h(x) = 8*x**3 + x**2 + 9*x - 12. Let j(d) = 4*h(d) + 11*v(d). Determine j(4).
8
Let z(w) = w + 8 - 15 + 5. Give z(5).
3
Let v(t) be the first derivative of 0*t + 2/3*t**3 + 1/120*t**5 - 1 + 1/12*t**4 + 0*t**2. Let x(k) be the third derivative of v(k). What is x(-3)?
-1
Let i(j) = 6*j**3 + j**2 - 2*j + 4. Let t(h) = -5*h**3 - h**2 + 2*h - 4. Let m(y) = 4*i(y) + 5*t(y). Suppose -8*n - 22 = 2. Calculate m(n).
8
Suppose -4 - 4 = 2*j. Let k be 5 - j*3/(-6). Let n(c) = c**2. Determine n(k).
9
Let q(f) = -f - 8. Let m be -1*6 - (-3)/1. Let o be 3 + (-9 - (-5 - m)). What is q(o)?
-4
Let l(t) = 2*t**2 - 5*t - 1. Let n(f) = -f**2 + f. Let r(c) = -l(c) - 3*n(c). Suppose 0 = -4*q + o - 8, -3*o = -2*o. Determine r(q).
1
Let x(c) = -3*c**3 + 10*c**2 - 2*c - 9. Let u(w) = -w**3 + 5*w**2 - w - 4. Let s(i) = 5*u(i) - 2*x(i). Let n be 3 - ((-1 - -5) + 4). Give s(n).
3
Let l(i) be the third derivative of i**5/60 + i**4/24 + i**3/6 + i**2. Let h be l(-2). Let m = h - 4. Let o(s) = -s**2 + s + 1. Determine o(m).
-1
Let s(r) = r**3 + 2*r**2 - 4*r - 5. Let p be s(-2). Let y(z) be the first derivative of 1/3*z**p - 5/2*z**2 + 0*z - 3. Give y(4).
-4
Let t(q) = q**2 + 8*q + 9. Let s(c) = c**3 + 9*c**2 + 9*c + 8. Let h be (24/(-10))/((-6)/(-20)). Let v be s(h). Let n = v + -6. Determine t(n).
-3
Let g(o) = -o**3 - 2*o**2 + 1. Let l be g(2). Let x be l/(-2)*4/6. Let p(k) be the first derivative of -k**4/4 + 5*k**3/3 + k**2/2 + 3*k + 4. Give p(x).
8
Let a(o) = 3*o**2 - 8*o - 1. Let f(q) = 7*q**2 - 17*q - 1. Let z(m) = 5*a(m) - 2*f(m). Determine z(6).
-3
Suppose -w - 5 = 2*c - 2, -5*w - 3*c = 15. Let z(t) = t + 3. Give z(w).
0
Let g = 3 + 0. Let v(i) = i**g + 0*i + 0*i**3 + 4 + i + 3*i**2. Let k be (-5)/(15/9) - 0. Determine v(k).
1
Let y(h) = h**3 - 8*h**2 - 8*h - 10. Suppose -q + 1 + 8 = 0. Give y(q).
-1
Let a(p) be the third derivative of -p**6/120 + p**5/20 + p**4/12 + p**3/6 - 4*p**2. Suppose 18 = 2*n - 5*z, -2*n + 3*z = 3*n - 26. What is a(n)?
-7
Let n = -5 - -12. Let p = -9 + n. Let g(c) = 0 + c**2 - c - 1 + 5*c. What is g(p)?
-5
Suppose 0 = 4*n + 3 + 9. Suppose 3*a - 6 = -0. Let f(d) = -8 - 5*d**2 + 5 + d**a + 5*d**2. What is f(n)?
6
Suppose 0 = -2*t - 3*t. Let r(b) = b**3 + b**2 + b - 3. Determine r(t).
-3
Let u be -2 + (4 - -2*1). Let i(o) be the second derivative of -o**4/8 + o**3/6 + o**2/2 - 2*o. Let b(m) be the first derivative of i(m). Give b(u).
-11
Let k(w) = w**3 - 5*w**2 - 2. Let q(u) = -3*u + 13. Let v be q(11). Let c = 25 + v. Determine k(c).
-2
Let r be 1*4/((-12)/(-9)). Let m(y) = -2 - y**2 + y + 4 + r. Let x(c) = -c**3 + 7*c**2 - 6*c. Let j be x(6). Calculate m(j).
5
Suppose 5*b - 36 - 44 = 0. Let a = 22 - b. Let d(y) = y + 6. Calculate d(a).
12
Let o(v) = -v**2 - 2*v - 3. Let l(h) = 3*h**3 + 2*h**2 - 1. Let m be l(-1). Determine o(m).
-3
Let a(p) = p**3 - p**2 + p - 1. Let c(d) = d**3 + d**2 - d + 1. Let l(y) = 2*a(y) + c(y). What is l(1)?
2
Suppose 0*o = o + 4. Let d(z) = -z**3 - 10*z**2 + z - 7. Let l(n) = 2*n**3 + 21*n**2 - 2*n + 15. Let q(j) = 13*d(j) + 6*l(j). Give q(o).
-5
Suppose -4*q - 5*j + 28 = 0, 2*q = q + 4*j - 14. Let r(y) = -y**2 + 5 - 10 + 0*y**q - 6*y. Determine r(-4).
3
Suppose 4*y - 5*b = 1, -4*b - b = 5*y + 10. Let v(z) = -12*z**3 - 2*z**2 - z. Determine v(y).
11
Let i(n) = -n**2 + 3*n. Let r(b) = b**2 - 2*b - 1. Let k(x) = 4*i(x) + 3*r(x). What is k(6)?
-3
Let v(n) be the second derivative of n**3 + n**2/2 - 5*n. Calculate v(1).
7
Let y(o) be the second derivative of o**5/40 + o**4/24 + o**3/3 + o. Let c(v) be the second derivative of y(v). Let k = -27 + 26. Give c(k).
-2
Let s be 1*(3 + 0) - -1. Let u(b) = 6*b**3 + b**2 + 0*b + 5*b**3 - s*b**3 + b. Let j be -2*2/4*1. Calculate u(j).
-7
Let b = -6 - -6. 